n factor of 19 and j?
19
Let g(a) be the first derivative of a**2 + a - 2. Let m be g(1). Let s(j) = 13*j**2 - 1. Let l be s(-1). What is the greatest common factor of m and l?
3
Let n(l) = -l - 3. Let a be n(-6). Suppose -33 = -0*h - a*h. Suppose 2*d + 1 = h. What is the highest common factor of d and 40?
5
Let g be (-9)/12 - 446/(-8). Suppose -59 = -3*w - 26. Calculate the greatest common divisor of g and w.
11
Suppose 1 = -0*v - v. Let q = 6 + v. What is the highest common divisor of 20 and q?
5
Let m(c) = 8*c**2. Let a be 18/12 - 1/2. Let y be m(a). Suppose 2*b - y = -2. What is the highest common factor of 27 and b?
3
Let y(n) = n**2 - 10*n + 10. Let t be y(9). Let s be 1*173 - (-4 + t). Calculate the highest common factor of s and 16.
16
Let m be 1 - (1 - 13) - -3. Calculate the greatest common factor of 4 and m.
4
Let n(j) = j**2 + 26*j - 6. Let a be n(-27). Calculate the highest common divisor of a and 3.
3
Let g(x) = x**3 + 5*x**2 + 2*x + 2. Let i be g(-4). Let q = 10 + 20. What is the greatest common factor of i and q?
10
Let v be (8 - -2)*(2 - (-4)/(-5)). Suppose 0 = -2*m - 0*m + 168. Let u = 120 - m. Calculate the greatest common factor of v and u.
12
Suppose 0 = 5*k - r - 65, -5*k + 0*r + 65 = 3*r. What is the greatest common factor of k and 91?
13
Let i(p) = 3*p**2 + p + 5*p - 5 - 1. Let r be i(-5). Suppose 20 = 2*l - 3*n, 2*l + 3 = 3*l - 5*n. Calculate the highest common factor of l and r.
13
Suppose 96 = h + 2*h. What is the highest common divisor of h and 48?
16
Let j = -2 + 13. Suppose 0 = -2*p - 4*v, -4 = 4*v - 8. Let d = p + j. What is the greatest common factor of d and 63?
9
Suppose -2*n - 3*j - 321 = 0, n - 4*j + 193 = j. Let i = n - -408. What is the highest common factor of 30 and i?
30
Suppose 0 = -3*w, 4*u - 3*w = 349 - 61. What is the greatest common factor of 54 and u?
18
Suppose -4*u = 5*v - 212, -2*u - 2*u + 3*v = -180. What is the highest common factor of 6 and u?
6
Suppose 0 = -4*a - 5 + 17. Suppose -9*p + 3*p = 54. Let w = 10 + p. Calculate the greatest common factor of w and a.
1
Suppose 25 = 5*r, 3*r - 3 = n - 5*n. Let o(l) = -2*l**3 - 2*l**2 + 3*l - 1. Let b be o(n). Calculate the highest common divisor of b and 26.
26
Let v be 2/(-7) - (-676)/14. Let z(a) = 2*a**2 - 4*a. Let l be z(3). What is the greatest common factor of v and l?
6
Suppose 4*k = 5*k - 18. Let z = 4 + -16. Let i be ((-80)/z)/((-4)/(-54)). What is the highest common divisor of k and i?
18
Let o(z) = z**2 + 2*z + 3. Let l be o(8). Suppose 4*u - l = 1337. Let t = u + -195. Calculate the greatest common factor of 16 and t.
16
Let q = -149 + 365. Suppose 5*z - q = 4*z. Calculate the highest common factor of 24 and z.
24
Suppose -7*t + 360 = -4*t. What is the highest common divisor of t and 20?
20
Suppose -44 = -41*u + 37*u. Calculate the highest common factor of u and 88.
11
Suppose 4*d + 86 = m, 9*d - 382 = -5*m + 5*d. What is the greatest common factor of 6 and m?
6
Suppose -5*i + 5*r + 15 = 0, 2*i + 5*r - 9 = 3*i. What is the highest common factor of 24 and i?
6
Suppose -w - 2*m = -6*w + 17, m = -5*w + 29. Calculate the greatest common divisor of w and 55.
5
Let v = 48 + -23. Suppose -p = 4*p - v. Suppose 0 = 3*z - 1 - 14. What is the highest common divisor of p and z?
5
Suppose 0 = -5*d - 0*v + 2*v + 69, -18 = -2*d + 4*v. What is the greatest common divisor of 25 and d?
5
Let d = -4 - -2. Let a(b) be the third derivative of -13*b**4/24 + b**3/3 - 5*b**2. Let u be a(d). What is the highest common factor of 4 and u?
4
Let t(s) = 24*s**2 - s - 1. Let l be t(-1). Suppose -l - 48 = -2*j. Calculate the highest common divisor of j and 9.
9
Suppose 4*a = -4, -10 = -5*m + 5*a - 0*a. Let v be m/(3/44)*9. Suppose -3*q = 8 - 44. Calculate the highest common factor of v and q.
12
Let b be (3 - 6)/(3/(-5)). Suppose -3*l = -2*l + b*t + 13, 5*l - 3*t - 75 = 0. Calculate the greatest common factor of 4 and l.
4
Let l(q) = 3*q**2 - 3*q. Let k be l(3). What is the highest common factor of 90 and k?
18
Suppose -a + 2 = -5. Let k(o) = -o**2 + 6*o + 3. Let v be k(6). Suppose w - v = -2*w. What is the highest common factor of a and w?
1
Let u(g) = g**3 - 6*g**2 - 4*g - 10. Let s be u(7). Calculate the highest common factor of s and 1.
1
Let j = 2 - 2. Suppose -4*h + 12 = -j*h. What is the greatest common divisor of h and 33?
3
Let q(w) = 2*w - 30. Let j be q(16). Let a be 16 + 0 + 2 + 0. What is the highest common factor of a and j?
2
Let t be 2/((-16)/30)*-4. Let b(r) = 9*r + 3. Let a be b(8). Calculate the highest common factor of a and t.
15
Let p(y) = 2*y. Let r be p(7). Let n be 4/r - 6/21. Suppose n*m = -2*m + 14. What is the greatest common factor of 77 and m?
7
Let p(i) = i - 4. Let a be p(8). Let c be (-12)/((-6)/16 + 0). What is the greatest common factor of c and a?
4
Let t be (-24)/6 - (-273 - 1). What is the greatest common divisor of 30 and t?
30
Let m(f) = -f**3 - 5*f**2 - 4*f + 10. Let p be m(-6). Suppose -5*c + 2*c - 5*o + 45 = 0, 5*c + 3*o = 59. Calculate the greatest common divisor of p and c.
10
Let x = -9 - -12. Suppose 0 = 2*g + x*f - 67, -2*f = 3*g - 66 - 22. Suppose -g = -d - d. Calculate the greatest common divisor of 52 and d.
13
Let y(k) = -k**2 + 5*k - 4. Let x be y(3). Suppose x*q - 12 = f - 2*f, 3*f - 4*q = -4. What is the highest common factor of 4 and f?
4
Suppose -2*w + 1 = -9. Suppose j - 4*j + 156 = 3*h, 3*h - w*j = 172. Calculate the greatest common factor of h and 6.
6
Suppose 52 = 4*a - 2*a. What is the highest common factor of 78 and a?
26
Let f(r) be the first derivative of 7*r**2/2 + 2. Let w be f(2). Let u = 316 + -218. What is the highest common factor of u and w?
14
Let j be 0 + 28/(-6)*-3. What is the highest common divisor of j and 154?
14
Let k = 50 - 36. Suppose w - 5*g = -2 - k, 0 = -3*g + 15. Let d be (-2)/(1 - -1) + 7. What is the highest common factor of d and w?
3
Suppose 5*y + 304 = 4*x, 5*x - 162 - 143 = 5*y. Let q = -5 - y. Calculate the highest common divisor of 5 and q.
5
Let s be (10 + -45)*44/(-10). Let f = s - 84. Calculate the greatest common divisor of 10 and f.
10
Let f = 9 + -7. Let i(y) = y + 16. Let j be i(0). Calculate the greatest common divisor of f and j.
2
Let t = 5 - 3. Suppose -5*c - i = -43, 5*c + i = -4*i + 55. Calculate the highest common factor of t and c.
2
Let v(q) = 2*q**2 + 2*q + q**2 - q**2. Let y be v(-2). Suppose -3*h + 5*b = -22, -2*h = 3*h - y*b - 41. Calculate the greatest common factor of h and 63.
9
Let b(n) = n**3 + n**2 - n. Let l(z) = 3*z**2 + 3*z + 3. Let q(m) = b(m) + l(m). Let a be q(-3). What is the greatest common factor of a and 12?
6
Let m(k) = k**2 - 17*k - 28. Let w be m(20). What is the greatest common factor of w and 160?
32
Let y(n) = 15*n**2 + 2*n - 1. Let z = 2 + -1. Let o be y(z). Let f be 2*9 - 1*2. Calculate the greatest common divisor of o and f.
16
Suppose 2*v + 28 = -v - 2*x, 0 = 5*x + 10. Let r(w) = -w**2 - 10*w + 2. Let u be r(v). Calculate the highest common divisor of u and 27.
9
Suppose 8*p + 50 - 154 = 0. Calculate the highest common factor of 39 and p.
13
Let x be 159 - (4/4 + -2). Let q be 51/3 - 2/6*3. Calculate the greatest common factor of q and x.
16
Let k = -127 + 181. Calculate the highest common factor of 594 and k.
54
Suppose 5*q - 10 = 0, s - 71 = -2*q - 2*q. Suppose -3*z + 28 = z. What is the highest common divisor of z and s?
7
Let p(q) be the second derivative of -q**5/20 + 5*q**4/6 + 2*q**3 + 4*q**2 + 4*q. Let l be p(11). What is the greatest common divisor of l and 19?
19
Let o be -5*(-3 + (-135)/25). What is the greatest common divisor of o and 7?
7
Let j(x) = x**2 + 3*x + 2. Let o be j(-1). Suppose o = -h + 19 - 1. Let m = -1 - -19. What is the greatest common factor of h and m?
18
Let p(w) = -35*w + 1. Let n be p(-1). Suppose 146 + 46 = 8*h. Calculate the highest common factor of n and h.
12
Let p(z) = -11*z - 5. Let d be p(-3). Calculate the highest common divisor of d and 252.
28
Suppose 2*b = 3*m + 166, -4*m = -2*b + 5*b - 215. What is the highest common factor of 11 and b?
11
Let g = 26 - 53. Let f = -26 + 64. Let j = g + f. What is the highest common divisor of 1 and j?
1
Let p be (-3 - -1)*305/(-10). Let n = p - 37. Let f(c) = 8*c**2 - 5*c + 3. Let b be f(3). Calculate the greatest common factor of n and b.
12
Suppo